16 and 1924?
4
What is the greatest common factor of 594 and 2070?
18
What is the highest common factor of 1764 and 318?
6
Calculate the highest common divisor of 190376 and 47488.
424
What is the highest common divisor of 35 and 119455?
35
Calculate the highest common divisor of 731279 and 278.
139
Calculate the highest common factor of 57 and 356079.
57
What is the greatest common factor of 281454 and 2562?
366
What is the highest common factor of 445 and 11303?
89
What is the greatest common divisor of 412191 and 169?
169
Calculate the highest common divisor of 14357 and 294.
49
What is the highest common factor of 448 and 728294?
14
Calculate the greatest common factor of 207047 and 1379.
197
Calculate the greatest common divisor of 531 and 118826.
59
Calculate the highest common factor of 180 and 10398.
6
Calculate the greatest common factor of 18290 and 372.
62
Calculate the highest common factor of 62647 and 69784.
793
What is the highest common divisor of 894 and 114432?
894
What is the greatest common divisor of 879 and 1594213?
293
Calculate the greatest common divisor of 8 and 3952384.
8
What is the highest common divisor of 25991 and 14147?
329
What is the greatest common divisor of 40 and 46408?
8
Calculate the highest common factor of 620 and 190960.
620
What is the highest common divisor of 1273184 and 352?
352
What is the greatest common factor of 3134103 and 7?
7
Calculate the greatest common factor of 5420780 and 5.
5
Calculate the greatest common factor of 1 and 109987.
1
Calculate the greatest common divisor of 15125 and 140800.
275
Calculate the greatest common factor of 37180 and 1820.
260
What is the greatest common divisor of 3088 and 50759?
193
Calculate the highest common divisor of 1106497 and 112.
7
Calculate the highest common factor of 602 and 42.
14
Calculate the greatest common divisor of 440 and 64840.
40
What is the greatest common factor of 77 and 78232?
77
Calculate the highest common divisor of 28424 and 85.
17
Calculate the greatest common factor of 46376 and 176.
88
Calculate the greatest common divisor of 1391 and 23968.
107
Calculate the highest common divisor of 658 and 26551.
7
Calculate the greatest common divisor of 4601 and 8557.
43
What is the highest common divisor of 1822 and 312473?
911
Calculate the greatest common divisor of 324 and 4121118.
162
What is the greatest common factor of 11838805 and 1045?
1045
Calculate the greatest common factor of 31370 and 4.
2
What is the greatest common divisor of 18 and 60948?
18
What is the highest common factor of 7231 and 1631?
7
What is the greatest common divisor of 472740 and 60?
60
What is the highest common divisor of 1342535 and 5?
5
What is the greatest common factor of 3312 and 9296?
16
What is the greatest common factor of 144984 and 63?
21
What is the greatest common divisor of 351029 and 7?
7
What is the greatest common divisor of 6132 and 1932?
84
What is the greatest common divisor of 1683 and 91971?
99
Calculate the highest common divisor of 256 and 1618688.
256
Calculate the highest common factor of 67 and 989389.
67
What is the highest common divisor of 21890 and 66?
22
What is the highest common factor of 1688 and 11567020?
844
Calculate the highest common factor of 157434 and 114.
114
What is the greatest common factor of 91440 and 2880?
720
Calculate the highest common factor of 582723 and 9.
9
What is the greatest common divisor of 2048770 and 95?
95
Calculate the greatest common factor of 2081648 and 8.
8
What is the greatest common factor of 132 and 3557730?
66
What is the highest common divisor of 5 and 362565?
5
Calculate the highest common factor of 955 and 25021.
191
Calculate the greatest common factor of 3926 and 78.
26
What is the highest common divisor of 16 and 1927480?
8
What is the greatest common factor of 28 and 19502?
14
What is the highest common divisor of 17661 and 525?
21
Calculate the greatest common factor of 121129 and 14971.
1361
Calculate the greatest common factor of 1316817 and 324.
81
Calculate the greatest common factor of 5336667 and 63.
63
What is the greatest common factor of 80718 and 264?
66
What is the highest common factor of 11462 and 1386?
22
What is the greatest common factor of 28 and 389396?
28
Calculate the highest common factor of 88335 and 18.
9
Calculate the greatest common factor of 1166115 and 24565.
1445
Calculate the highest common divisor of 11948 and 493.
29
What is the greatest common factor of 52 and 312?
52
Calculate the greatest common factor of 764 and 20437.
191
Calculate the highest common factor of 298242 and 3402.
1134
What is the highest common divisor of 6 and 404050?
2
What is the highest common factor of 70 and 961030?
70
What is the highest common divisor of 2651 and 3133?
241
What is the highest common factor of 310 and 5000?
10
What is the highest common divisor of 6250 and 20?
10
Calculate the highest common factor of 659045 and 2225.
445
What is the greatest common factor of 9 and 443277?
9
Calculate the greatest common factor of 4390485 and 605.
605
What is the greatest common factor of 99224 and 37680?
1256
Calculate the greatest common factor of 6 and 2598993.
3
What is the greatest common divisor of 384 and 19248?
48
What is the greatest common divisor of 90310 and 2530?
110
What is the greatest common factor of 1415127 and 168?
21
What is the highest common factor of 1257 and 8997?
3
Calculate the greatest common factor of 12510 and 270.
90
What is the highest common factor of 140576 and 304?
16
What is the greatest common divisor of 37060 and 14960?
340
Calculate the highest common factor of 3321204 and 12.
12
What is the highest common divisor of 1288 and 245504?
56
Calculate the highest common divisor of 2484 and 6074622.
1242
Calculate the highest common divisor of 9 and 36171.
9
What is the highest common divisor of 539 and 3038?
49
What is the highest common factor of 108 and 4351158?
54
Calculate the greatest common factor of 69714 and 684.
18
What is the greatest common factor of 29034 and 198?
18
Calculate the greatest common divisor of 3260 and 5720.
20
What is the greatest common factor of 423231 and 3408?
213
What is the highest common divisor of 384 and 104320?
128
Calculate the highest common factor of 22 and 1778216.
22
What is the highest common divisor of 62620 and 88880?
2020
Calculate the highest common factor of 45116 and 16.
4
What is the greatest common divisor of 89240 and 120?
40
What is the highest common divisor of 5092 and 90316?
268
Calculate the highest common divisor of 5360 and 12395.
335
What is the highest common factor of 437 and 45847?
19
What is the greatest common divisor of 330 and 17710?
110
Calculate the greatest common divisor of 4136 and 32.
8
Calculate the greatest common factor of 14 and 116942.
14
Calculate the highest common factor of 12 and 14562.
6
What is the highest common divisor of 11 and 68167?
11
What is the highest common factor of 4000864 and 1272?
424
Calculate the highest common factor of 1397 and 3223.
11
What is the greatest common divisor of 36 and 1449990?
18
What is the highest common factor of 265323 and 649?
59
Calculate the highest common divisor of 19019 and 17157.
133
Calculate the greatest common factor of 7575 and 3525.
75
Calculate the highest common divisor of 2871 and 55071.
261
What is the highest common divisor of 68 and 64328?
68
What is the greatest common divisor of 144 and 141?
3
What is the greatest common factor of 5632 and 40?
8
What is the highest common factor of 40 and 5905?
5
Calculate the highest common factor of 144 and 309516.
12
What is the highest common factor of 570240 and 162?
162
What is the highest common divisor of 13845 and 3705?
195
What is the highest common divisor of 2857952 and 301?
43
Calculate the greatest common factor of 117136 and 80.
16
Calculate the greatest common factor of 144 and 795906.
18
What is the greatest common divisor of 3984 and 121263?
249
Calculate the greatest common factor of 70 and 1701266.
14
What is the greatest common factor of 3415 and 125?
5
What is the greatest common factor of 158 and 896571?
79
Calculate the greatest common divisor of 9102 and 777.
111
Calculate the greatest common divisor of 187176 and 1848.
264
What is the